{"id":73,"date":"2021-08-22T21:26:58","date_gmt":"2021-08-22T19:26:58","guid":{"rendered":"https:\/\/www.lastrada.sk\/?page_id=73"},"modified":"2025-12-08T13:59:45","modified_gmt":"2025-12-08T12:59:45","slug":"pop-operne-duo-la-strada","status":"publish","type":"page","link":"https:\/\/www.lastrada.sk\/index.php\/pop-operne-duo-la-strada\/","title":{"rendered":"O n\u00e1s"},"content":{"rendered":"<p style=\"text-align: center;\">\u00a0<a href=\"https:\/\/www.lastrada.sk\/index.php\/english\/\"><img loading=\"lazy\" decoding=\"async\" class=\"wp-image-383\" src=\"https:\/\/www.lastrada.sk\/wp-content\/uploads\/2021\/08\/images-4-1.jpg\" alt=\"\" width=\"70\" height=\"70\" srcset=\"https:\/\/www.lastrada.sk\/wp-content\/uploads\/2021\/08\/images-4-1.jpg 225w, https:\/\/www.lastrada.sk\/wp-content\/uploads\/2021\/08\/images-4-1-150x150.jpg 150w, https:\/\/www.lastrada.sk\/wp-content\/uploads\/2021\/08\/images-4-1-100x100.jpg 100w\" sizes=\"auto, (max-width: 70px) 100vw, 70px\" \/><\/a> \u00a0<a href=\"https:\/\/www.lastrada.sk\/index.php\/il-duo-dopera-pop-la-strada\/\"><img loading=\"lazy\" decoding=\"async\" class=\"wp-image-412 alignnone\" src=\"https:\/\/www.lastrada.sk\/wp-content\/uploads\/2021\/08\/stazeny-soubor-3.jpg\" alt=\"\" width=\"70\" height=\"70\" srcset=\"https:\/\/www.lastrada.sk\/wp-content\/uploads\/2021\/08\/stazeny-soubor-3.jpg 225w, https:\/\/www.lastrada.sk\/wp-content\/uploads\/2021\/08\/stazeny-soubor-3-150x150.jpg 150w, https:\/\/www.lastrada.sk\/wp-content\/uploads\/2021\/08\/stazeny-soubor-3-100x100.jpg 100w\" sizes=\"auto, (max-width: 70px) 100vw, 70px\" \/><\/a> \u00a0<a href=\"https:\/\/www.lastrada.sk\/index.php\/deutch\/\"><img loading=\"lazy\" decoding=\"async\" class=\"wp-image-411 alignnone\" src=\"https:\/\/www.lastrada.sk\/wp-content\/uploads\/2021\/08\/images-6-1.jpg\" alt=\"\" width=\"70\" height=\"70\" srcset=\"https:\/\/www.lastrada.sk\/wp-content\/uploads\/2021\/08\/images-6-1.jpg 225w, https:\/\/www.lastrada.sk\/wp-content\/uploads\/2021\/08\/images-6-1-150x150.jpg 150w, https:\/\/www.lastrada.sk\/wp-content\/uploads\/2021\/08\/images-6-1-100x100.jpg 100w\" sizes=\"auto, (max-width: 70px) 100vw, 70px\" \/><\/a><\/p>\n\n\n<div class=\"wp-block-group alignfull has-background-background-color has-background\" style=\"margin-top:0;margin-bottom:0;padding-top:var(--wp--preset--spacing--60);padding-right:var(--wp--preset--spacing--30);padding-bottom:var(--wp--preset--spacing--60);padding-left:var(--wp--preset--spacing--30)\"><div class=\"wp-block-group__inner-container is-layout-constrained wp-container-core-group-is-layout-512a02c9 wp-block-group-is-layout-constrained\">\n<h2 class=\"wp-block-heading has-text-align-center has-large-font-size\">Zozn\u00e1mte sa s La Strada a ich umeleckou cestou.<\/h2>\n\n\n\n<figure class=\"wp-block-image size-large\"><img loading=\"lazy\" decoding=\"async\" width=\"1024\" height=\"442\" src=\"https:\/\/www.lastrada.sk\/wp-content\/uploads\/2021\/08\/IMG_1047-pruh-1024x442.jpg\" alt=\"\" class=\"wp-image-28\" srcset=\"https:\/\/www.lastrada.sk\/wp-content\/uploads\/2021\/08\/IMG_1047-pruh-1024x442.jpg 1024w, https:\/\/www.lastrada.sk\/wp-content\/uploads\/2021\/08\/IMG_1047-pruh-300x129.jpg 300w, https:\/\/www.lastrada.sk\/wp-content\/uploads\/2021\/08\/IMG_1047-pruh-768x331.jpg 768w, https:\/\/www.lastrada.sk\/wp-content\/uploads\/2021\/08\/IMG_1047-pruh-1536x663.jpg 1536w, https:\/\/www.lastrada.sk\/wp-content\/uploads\/2021\/08\/IMG_1047-pruh-2048x883.jpg 2048w\" sizes=\"auto, (max-width: 767px) 89vw, (max-width: 1000px) 54vw, (max-width: 1071px) 543px, 580px\" \/><\/figure>\n\n\n\n<p class=\"has-text-align-center\" style=\"margin-top:16px\"><strong>La Strada<\/strong> je slovensk\u00e9 operne duo, tvoria ho barytonista <strong>Peter \u010eurovec<\/strong> a tenorista <strong>Zolt\u00e1n Mik\u00f3<\/strong>.<\/p>\n\n\n\n<p class=\"has-text-align-center\">Pop opern\u00e9 duo zalo\u017eil Peter \u010eurovec, milovn\u00edk talianskej kult\u00fary, zakladate\u013e zoskupenia tria La Gioia, ktor\u00e9 po dvan\u00e1stich rokoch opustil.<\/p>\n\n\n\n<p class=\"has-text-align-center\">Na cestu sa vydal a sily spojil s b\u00fdval\u00fdm spolu\u017eiakom z V\u0160MU Zolt\u00e1nom Mik\u00f3, ktor\u00fd dlh\u0161\u00ed \u010das p\u00f4sobil vo \u0160vaj\u010diarsku.<\/p>\n\n\n\n<p class=\"has-text-align-center\">La Strada je ojedinel\u00fdm \u00fakazom na slovenskej hudobnej sc\u00e9ne v r\u00e1mci prezent\u00e1cie hudobn\u00e9ho \u0161t\u00fdlu light opera.<\/p>\n\n\n\n<p class=\"has-text-align-center\">Reperto\u00e1r dvojice pozost\u00e1va hlavne zo svetov\u00fdch operno-popov\u00fdch skladieb, vych\u00e1dzaj\u00facich z interpret\u00e1ci\u00ed zoskupen\u00ed Il Divo, Il Volo, \u010di s\u00f3listov Andreu Bocelliho, Josha Grobana a in\u00fdch.<\/p>\n\n\n\n<p class=\"has-text-align-center\">Texty ich piesn\u00ed lahodia uchu predov\u0161etk\u00fdm v talian\u010dine, sila a kr\u00e1sa ich hlasov v\u00e1s prenes\u00fa do dychber\u00facej atmosf\u00e9ry opern\u00fdch d\u00f3mov.<\/p>\n\n\n\n<p class=\"has-text-align-center\">Vyst\u00fapenie La Strada (Cesta) je skuto\u010dne nezabudnute\u013en\u00fdm hudobn\u00fdm z\u00e1\u017eitkom, ktor\u00e9 obohat\u00ed ka\u017ed\u00fa spolo\u010densk\u00fa akciu s amb\u00edciou sta\u0165 sa v\u00fdnimo\u010dnou .<\/p>\n\n\n\n<p class=\"has-text-align-center\"><strong>Vyst\u00fapenia La Strada si u\u017e u\u017eili div\u00e1ci v mest\u00e1ch Slovenskej aj \u010ceskej republiky, div\u00e1ci TV Mark\u00edza, TV Joj, ale aj telev\u00edzny div\u00e1ci v Taliansku&#8230;<\/strong><\/p>\n\n\n<div class=\"wp-block-image is-style-default\">\n<figure class=\"aligncenter size-full\"><img loading=\"lazy\" decoding=\"async\" width=\"1200\" height=\"526\" src=\"https:\/\/www.lastrada.sk\/wp-content\/uploads\/2021\/08\/cropped-IMG_1054-scaled-1.jpg\" alt=\"\" class=\"wp-image-1188\" style=\"aspect-ratio:16\/9;object-fit:cover\" srcset=\"https:\/\/www.lastrada.sk\/wp-content\/uploads\/2021\/08\/cropped-IMG_1054-scaled-1.jpg 1200w, https:\/\/www.lastrada.sk\/wp-content\/uploads\/2021\/08\/cropped-IMG_1054-scaled-1-300x132.jpg 300w, https:\/\/www.lastrada.sk\/wp-content\/uploads\/2021\/08\/cropped-IMG_1054-scaled-1-1024x449.jpg 1024w, https:\/\/www.lastrada.sk\/wp-content\/uploads\/2021\/08\/cropped-IMG_1054-scaled-1-768x337.jpg 768w\" sizes=\"auto, (max-width: 767px) 89vw, (max-width: 1000px) 54vw, (max-width: 1071px) 543px, 580px\" \/><\/figure>\n<\/div><\/div><\/div>\n\n\n\n<hr class=\"wp-block-separator has-css-opacity is-style-wide\"\/>\n\n\n\n<div class=\"wp-block-group alignfull has-background-background-color has-background\" style=\"margin-top:0;margin-bottom:0;padding-top:var(--wp--preset--spacing--60);padding-right:var(--wp--preset--spacing--30);padding-bottom:var(--wp--preset--spacing--60);padding-left:var(--wp--preset--spacing--30)\"><div class=\"wp-block-group__inner-container is-layout-constrained wp-container-core-group-is-layout-392eb801 wp-block-group-is-layout-constrained\">\n<div class=\"wp-block-group alignwide is-content-justification-center\"><div class=\"wp-block-group__inner-container is-layout-constrained wp-block-group-is-layout-constrained\">\n<h2 class=\"wp-block-heading has-text-align-center has-large-font-size\">\u010clenovia La Strada<\/h2>\n\n\n\n<p class=\"has-text-align-center\" style=\"margin-top:16px\">V tejto \u010dasti v\u00e1m predstavujeme na\u0161ich v\u00fdnimo\u010dn\u00fdch spev\u00e1kov a \u010dlenov pop opern\u00e9ho dua, ktor\u00ed svoj\u00edm talentom a energiou prin\u00e1\u0161aj\u00fa do n\u00e1\u0161ho t\u00edmu jedine\u010dn\u00fd hudobn\u00fd z\u00e1\u017eitok. Ka\u017ed\u00fd z nich vn\u00e1\u0161a do na\u0161ej tvorby svoju v\u00e1\u0161e\u0148 a profesion\u00e1lny pr\u00edstup, \u010d\u00edm spolo\u010dne vytv\u00e1raj\u00fa nezabudnute\u013en\u00e9 vyst\u00fapenia.<\/p>\n<\/div><\/div>\n\n\n\n<div class=\"wp-block-columns alignwide is-layout-flex wp-container-core-columns-is-layout-41e3e26a wp-block-columns-is-layout-flex\">\n<div class=\"wp-block-column is-layout-flow wp-block-column-is-layout-flow\"><div class=\"wp-block-image is-style-rounded\">\n<figure class=\"aligncenter size-large\"><img loading=\"lazy\" decoding=\"async\" width=\"988\" height=\"1024\" src=\"https:\/\/www.lastrada.sk\/wp-content\/uploads\/2021\/08\/IMpeter-988x1024.jpg\" alt=\"\" class=\"wp-image-43\" style=\"aspect-ratio:1;object-fit:cover\" srcset=\"https:\/\/www.lastrada.sk\/wp-content\/uploads\/2021\/08\/IMpeter-988x1024.jpg 988w, https:\/\/www.lastrada.sk\/wp-content\/uploads\/2021\/08\/IMpeter-289x300.jpg 289w, https:\/\/www.lastrada.sk\/wp-content\/uploads\/2021\/08\/IMpeter-768x796.jpg 768w, https:\/\/www.lastrada.sk\/wp-content\/uploads\/2021\/08\/IMpeter-1481x1536.jpg 1481w, https:\/\/www.lastrada.sk\/wp-content\/uploads\/2021\/08\/IMpeter.jpg 1548w\" sizes=\"auto, (max-width: 767px) 89vw, (max-width: 1000px) 54vw, (max-width: 1071px) 543px, 580px\" \/><\/figure>\n<\/div>\n\n\n<h4 class=\"wp-block-heading has-text-align-center\" style=\"margin-top:20px;font-size:18px\">Mgr. art. Peter \u010eurovec<\/h4>\n\n\n\n<p class=\"has-text-align-center has-primary-color has-text-color has-small-font-size\" style=\"margin-top:4px\">Baryt\u00f3n <\/p>\n\n\n\n<p class=\"has-text-align-center\"><strong>Umeleck\u00fd \u017eivotopis<\/strong><\/p>\n\n\n\n<p class=\"has-text-align-center\">1996-2001<\/p>\n\n\n\n<p class=\"has-text-align-center\">\u0160t\u00fadium na vysokej \u0161kole m\u00fazick\u00fdch umen\u00ed v Bratislave (V\u0160MU)<\/p>\n\n\n\n<p class=\"has-text-align-center\">2001-2003<\/p>\n\n\n\n<p class=\"has-text-align-center\">S\u00f3lista \u0160t\u00e1tnej opery v Banskej Bystrici <\/p>\n\n\n\n<p class=\"has-text-align-center\">2003-2005<\/p>\n\n\n\n<p class=\"has-text-align-center\">\u010clen s\u00faboru hudobn\u00e9ho divadla v S\u00e1nky P\u00f6ltene (AT)<\/p>\n\n\n\n<p class=\"has-text-align-center\">2005-2010<\/p>\n\n\n\n<p class=\"has-text-align-center\">Pedag\u00f3g&nbsp; spevu&nbsp; na&nbsp; Univerzite Kon\u0161tant\u00edna&nbsp; filozofa&nbsp; v&nbsp; Nitre<\/p>\n\n\n\n<p class=\"has-text-align-center\">Pedag\u00f3g spevu na S\u00fakromnom konzervat\u00f3riu Dezidera Kardo\u0161a v Topo\u013e\u010danoch <\/p>\n\n\n\n<p class=\"has-text-align-center\">\u00da\u010dinkovanie v s\u00fa\u010dasn\u00fdch oper\u00e1ch Mar\u00edna Havranov\u00e1, \u0160avol (V. Kubi\u010dka), Barokovej opere (Sl\u00fa\u017eka&nbsp; pa\u0148ou), muzik\u00e1loch&nbsp; Eli\u00e1\u0161,&nbsp; Jozef&nbsp; a&nbsp; jeho&nbsp; z\u00e1zra\u010dn\u00fd&nbsp; farebn\u00fd&nbsp; pl\u00e1\u0161\u0165,&nbsp; v&nbsp;BB opera&nbsp; Linda di Chamounix a&nbsp;opereta&nbsp; Indigo<\/p>\n\n\n\n<p class=\"has-text-align-center\">2008-2021<\/p>\n\n\n\n<p class=\"has-text-align-center\">\u010clen&nbsp; pop-opern\u00e9ho&nbsp; tria&nbsp; La&nbsp; Gioia<\/p>\n\n\n\n<p class=\"has-text-align-center\">Koncertn\u00e1 \u010dinnos\u0165 doma aj v zahrani\u010d\u00ed, \u00fa\u010dinkovanie v telev\u00edznych programoch, Chart show, Legendy popu, Slovenka roka, \u0160portovec roka, Stavba roka, Neskoro ve\u010der, Inkognito, Noc n\u00e1dej\u00ed, Strom\u010dek prian\u00ed, Modr\u00e9 z neba a in\u00fdch&#8230;<\/p>\n\n\n\n<p class=\"has-text-align-center\">Spolupr\u00e1ca s v\u00fdznamn\u00fdmi \u010desk\u00fdmi a slovensk\u00fdmi umelcami ako Karel Gott, Michal David, Helena Vondr\u00e1\u010dkov\u00e1, Lucie B\u00edl\u00e1, Va\u0161o Patejdl, Be\u00e1ta Dubasov\u00e1, Eva Urbanov\u00e1 a in\u00ed&#8230;<\/p>\n\n\n\n<p class=\"has-text-align-center\">2011<\/p>\n\n\n\n<p>Tretie miesto v s\u00fa\u0165a\u017ei \u010ceskoslovensko m\u00e1 talent<\/p>\n\n\n\n<p class=\"has-text-align-center\">2021 <\/p>\n\n\n\n<p class=\"has-text-align-center\">Zalo\u017eenie nov\u00e9ho pop opern\u00e9ho dua La Strada<\/p>\n<\/div>\n\n\n\n<div class=\"wp-block-column is-layout-flow wp-block-column-is-layout-flow\"><div class=\"wp-block-image is-style-rounded\">\n<figure class=\"aligncenter size-large\"><img loading=\"lazy\" decoding=\"async\" width=\"1024\" height=\"998\" src=\"https:\/\/www.lastrada.sk\/wp-content\/uploads\/2021\/08\/zolo-1024x998.jpg\" alt=\"\" class=\"wp-image-44\" style=\"aspect-ratio:1;object-fit:cover\" srcset=\"https:\/\/www.lastrada.sk\/wp-content\/uploads\/2021\/08\/zolo-1024x998.jpg 1024w, https:\/\/www.lastrada.sk\/wp-content\/uploads\/2021\/08\/zolo-300x292.jpg 300w, https:\/\/www.lastrada.sk\/wp-content\/uploads\/2021\/08\/zolo-768x748.jpg 768w, https:\/\/www.lastrada.sk\/wp-content\/uploads\/2021\/08\/zolo-1536x1496.jpg 1536w, https:\/\/www.lastrada.sk\/wp-content\/uploads\/2021\/08\/zolo.jpg 1623w\" sizes=\"auto, (max-width: 767px) 89vw, (max-width: 1000px) 54vw, (max-width: 1071px) 543px, 580px\" \/><\/figure>\n<\/div>\n\n\n<h4 class=\"wp-block-heading has-text-align-center\" style=\"margin-top:20px;font-size:18px\">Mgr. art. Zolt\u00e1n Mik\u00f3 <\/h4>\n\n\n\n<p class=\"has-text-align-center has-primary-color has-text-color has-small-font-size\" style=\"margin-top:4px\">Tenor<\/p>\n\n\n\n<p class=\"has-text-align-center\"><strong>Umeleck\u00fd \u017eivotopis<\/strong> <\/p>\n\n\n\n<p class=\"has-text-align-center\">1995-2000<\/p>\n\n\n\n<p class=\"has-text-align-center\">\u0160t\u00fadium na Pedagogickej fakulte UK v Bratislave (Hudobn\u00e1 v\u00fdchova &#8211; Anglick\u00fd jazyk)<\/p>\n\n\n\n<p class=\"has-text-align-center\">Akademick\u00fd spev\u00e1cky zbor Comenius, laure\u00e1t mnoh\u00fdch s\u00fa\u0165a\u017e\u00ed po celej Eur\u00f3pe<\/p>\n\n\n\n<p class=\"has-text-align-center\">Rockov\u00e1 skupina &#8222;The Pipe&#8220; (piese\u0148 &#8222;One magic word&#8220;)<\/p>\n\n\n\n<p class=\"has-text-align-center\">\u00da\u010dinkovanie v hudobnej rel\u00e1cii Triangel<\/p>\n\n\n\n<p class=\"has-text-align-center\">3. miesto v hitpar\u00e1de Slovak Power vtedy zn\u00e1meho nitrianskeho N &#8211; R\u00e1dia<\/p>\n\n\n\n<p class=\"has-text-align-center\">2. miesto na Slovak Rock Camp Ko\u0161ice 1997<\/p>\n\n\n\n<p class=\"has-text-align-center\">4. miesto na Victoria Regia<\/p>\n\n\n\n<p class=\"has-text-align-center\">2000-2021<\/p>\n\n\n\n<p class=\"has-text-align-center\">\u0160t\u00fadium na vysokej \u0161kole m\u00fazick\u00fdch umen\u00ed v Bratislave (V\u0160MU)<\/p>\n\n\n\n<p class=\"has-text-align-center\">Arm\u00e1dny umeleck\u00fd folkl\u00f3rn\u00fd s\u00fabor s O. Kandr\u00e1\u010dom, v bigbande s M. \u0160v\u00e1bom<\/p>\n\n\n\n<p class=\"has-text-align-center\">Koncerty a vystupovanie vo \u0160vaj\u010diarsku<\/p>\n\n\n\n<p class=\"has-text-align-center\">Hudobn\u00e1 skupina Mal\u00fd Jupiter (s bratom Robertom) &#8211; cover verzie hitov v akustickom preveden\u00ed s bohat\u00fdmi vok\u00e1lmi<\/p>\n\n\n\n<p class=\"has-text-align-center\">U\u010dite\u013e anglick\u00e9ho jazyka a hudobnej v\u00fdchovy na Z\u0160 v \u0160ali<\/p>\n\n\n\n<p class=\"has-text-align-center\">Predseda okresnej komisie s\u00fa\u0165a\u017ee Sl\u00e1vik Slovenska<\/p>\n\n\n\n<p class=\"has-text-align-center\">2021<\/p>\n\n\n\n<p class=\"has-text-align-center\">Zalo\u017eenie nov\u00e9ho pop opern\u00e9ho dua La Strada<\/p>\n<\/div>\n<\/div>\n<\/div><\/div>\n\n\n<div class=\"wp-block-image\">\n<figure class=\"aligncenter size-large\"><img loading=\"lazy\" decoding=\"async\" width=\"1024\" height=\"943\" src=\"https:\/\/www.lastrada.sk\/wp-content\/uploads\/2021\/08\/IMG_1101-kostka-1024x943.jpg\" alt=\"\" class=\"wp-image-34\" srcset=\"https:\/\/www.lastrada.sk\/wp-content\/uploads\/2021\/08\/IMG_1101-kostka-1024x943.jpg 1024w, https:\/\/www.lastrada.sk\/wp-content\/uploads\/2021\/08\/IMG_1101-kostka-300x276.jpg 300w, https:\/\/www.lastrada.sk\/wp-content\/uploads\/2021\/08\/IMG_1101-kostka-768x707.jpg 768w, https:\/\/www.lastrada.sk\/wp-content\/uploads\/2021\/08\/IMG_1101-kostka-1536x1414.jpg 1536w, https:\/\/www.lastrada.sk\/wp-content\/uploads\/2021\/08\/IMG_1101-kostka-2048x1885.jpg 2048w\" sizes=\"auto, (max-width: 767px) 89vw, (max-width: 1000px) 54vw, (max-width: 1071px) 543px, 580px\" \/><figcaption class=\"wp-element-caption\">(Foto: R. Jamrich)<\/figcaption><\/figure>\n<\/div>","protected":false},"excerpt":{"rendered":"<p>\u00a0 \u00a0 \u00a0 Zozn\u00e1mte sa s La Strada a ich umeleckou cestou. La Strada je slovensk\u00e9 operne duo, tvoria ho barytonista Peter \u010eurovec a tenorista Zolt\u00e1n Mik\u00f3. Pop opern\u00e9 duo zalo\u017eil Peter \u010eurovec, milovn\u00edk talianskej kult\u00fary, zakladate\u013e zoskupenia tria La Gioia, ktor\u00e9 po dvan\u00e1stich rokoch opustil. Na cestu sa vydal a sily spojil s b\u00fdval\u00fdm &hellip; <\/p>\n<p class=\"link-more\"><a href=\"https:\/\/www.lastrada.sk\/index.php\/pop-operne-duo-la-strada\/\" class=\"more-link\">Pokra\u010dova\u0165 v \u010d\u00edtan\u00ed<span class=\"screen-reader-text\"> &#8222;O n\u00e1s&#8220;<\/span><\/a><\/p>\n","protected":false},"author":2,"featured_media":32,"parent":0,"menu_order":0,"comment_status":"closed","ping_status":"closed","template":"","meta":{"_monsterinsights_skip_tracking":false,"_monsterinsights_sitenote_active":false,"_monsterinsights_sitenote_note":"","_monsterinsights_sitenote_category":0,"footnotes":""},"class_list":["post-73","page","type-page","status-publish","has-post-thumbnail","hentry"],"yoast_head":"<!-- This site is optimized with the Yoast SEO plugin v27.4 - https:\/\/yoast.com\/product\/yoast-seo-wordpress\/ -->\n<title>O n\u00e1s - La Strada<\/title>\n<meta name=\"robots\" content=\"index, follow, max-snippet:-1, max-image-preview:large, max-video-preview:-1\" \/>\n<link rel=\"canonical\" href=\"https:\/\/www.lastrada.sk\/index.php\/pop-operne-duo-la-strada\/\" \/>\n<meta property=\"og:locale\" content=\"sk_SK\" \/>\n<meta property=\"og:type\" content=\"article\" \/>\n<meta property=\"og:title\" content=\"O n\u00e1s - La Strada\" \/>\n<meta property=\"og:description\" content=\"\u00a0 \u00a0 \u00a0 Zozn\u00e1mte sa s La Strada a ich umeleckou cestou. La Strada je slovensk\u00e9 operne duo, tvoria ho barytonista Peter \u010eurovec a tenorista Zolt\u00e1n Mik\u00f3. Pop opern\u00e9 duo zalo\u017eil Peter \u010eurovec, milovn\u00edk talianskej kult\u00fary, zakladate\u013e zoskupenia tria La Gioia, ktor\u00e9 po dvan\u00e1stich rokoch opustil. Na cestu sa vydal a sily spojil s b\u00fdval\u00fdm &hellip; Pokra\u010dova\u0165 v \u010d\u00edtan\u00ed &quot;O n\u00e1s&quot;\" \/>\n<meta property=\"og:url\" content=\"https:\/\/www.lastrada.sk\/index.php\/pop-operne-duo-la-strada\/\" \/>\n<meta property=\"og:site_name\" content=\"La Strada\" \/>\n<meta property=\"article:modified_time\" content=\"2025-12-08T12:59:45+00:00\" \/>\n<meta property=\"og:image\" content=\"https:\/\/www.lastrada.sk\/wp-content\/uploads\/2021\/08\/IMG_1065-pruh-scaled.jpg\" \/>\n\t<meta property=\"og:image:width\" content=\"2560\" \/>\n\t<meta property=\"og:image:height\" content=\"1140\" \/>\n\t<meta property=\"og:image:type\" content=\"image\/jpeg\" \/>\n<meta name=\"twitter:card\" content=\"summary_large_image\" \/>\n<meta name=\"twitter:label1\" content=\"Predpokladan\u00fd \u010das \u010d\u00edtania\" \/>\n\t<meta name=\"twitter:data1\" content=\"5 min\u00fat\" \/>\n<script type=\"application\/ld+json\" class=\"yoast-schema-graph\">{\"@context\":\"https:\\\/\\\/schema.org\",\"@graph\":[{\"@type\":\"WebPage\",\"@id\":\"https:\\\/\\\/www.lastrada.sk\\\/index.php\\\/pop-operne-duo-la-strada\\\/\",\"url\":\"https:\\\/\\\/www.lastrada.sk\\\/index.php\\\/pop-operne-duo-la-strada\\\/\",\"name\":\"O n\u00e1s - La Strada\",\"isPartOf\":{\"@id\":\"https:\\\/\\\/www.lastrada.sk\\\/#website\"},\"primaryImageOfPage\":{\"@id\":\"https:\\\/\\\/www.lastrada.sk\\\/index.php\\\/pop-operne-duo-la-strada\\\/#primaryimage\"},\"image\":{\"@id\":\"https:\\\/\\\/www.lastrada.sk\\\/index.php\\\/pop-operne-duo-la-strada\\\/#primaryimage\"},\"thumbnailUrl\":\"https:\\\/\\\/www.lastrada.sk\\\/wp-content\\\/uploads\\\/2021\\\/08\\\/IMG_1065-pruh-scaled.jpg\",\"datePublished\":\"2021-08-22T19:26:58+00:00\",\"dateModified\":\"2025-12-08T12:59:45+00:00\",\"breadcrumb\":{\"@id\":\"https:\\\/\\\/www.lastrada.sk\\\/index.php\\\/pop-operne-duo-la-strada\\\/#breadcrumb\"},\"inLanguage\":\"sk-SK\",\"potentialAction\":[{\"@type\":\"ReadAction\",\"target\":[\"https:\\\/\\\/www.lastrada.sk\\\/index.php\\\/pop-operne-duo-la-strada\\\/\"]}]},{\"@type\":\"ImageObject\",\"inLanguage\":\"sk-SK\",\"@id\":\"https:\\\/\\\/www.lastrada.sk\\\/index.php\\\/pop-operne-duo-la-strada\\\/#primaryimage\",\"url\":\"https:\\\/\\\/www.lastrada.sk\\\/wp-content\\\/uploads\\\/2021\\\/08\\\/IMG_1065-pruh-scaled.jpg\",\"contentUrl\":\"https:\\\/\\\/www.lastrada.sk\\\/wp-content\\\/uploads\\\/2021\\\/08\\\/IMG_1065-pruh-scaled.jpg\",\"width\":2560,\"height\":1140},{\"@type\":\"BreadcrumbList\",\"@id\":\"https:\\\/\\\/www.lastrada.sk\\\/index.php\\\/pop-operne-duo-la-strada\\\/#breadcrumb\",\"itemListElement\":[{\"@type\":\"ListItem\",\"position\":1,\"name\":\"Home\",\"item\":\"https:\\\/\\\/www.lastrada.sk\\\/\"},{\"@type\":\"ListItem\",\"position\":2,\"name\":\"O n\u00e1s\"}]},{\"@type\":\"WebSite\",\"@id\":\"https:\\\/\\\/www.lastrada.sk\\\/#website\",\"url\":\"https:\\\/\\\/www.lastrada.sk\\\/\",\"name\":\"La Strada\",\"description\":\"SLOVENSK\u00c9 POP OPERN\u00c9 DUO\",\"potentialAction\":[{\"@type\":\"SearchAction\",\"target\":{\"@type\":\"EntryPoint\",\"urlTemplate\":\"https:\\\/\\\/www.lastrada.sk\\\/?s={search_term_string}\"},\"query-input\":{\"@type\":\"PropertyValueSpecification\",\"valueRequired\":true,\"valueName\":\"search_term_string\"}}],\"inLanguage\":\"sk-SK\"}]}<\/script>\n<!-- \/ Yoast SEO plugin. -->","yoast_head_json":{"title":"O n\u00e1s - La Strada","robots":{"index":"index","follow":"follow","max-snippet":"max-snippet:-1","max-image-preview":"max-image-preview:large","max-video-preview":"max-video-preview:-1"},"canonical":"https:\/\/www.lastrada.sk\/index.php\/pop-operne-duo-la-strada\/","og_locale":"sk_SK","og_type":"article","og_title":"O n\u00e1s - La Strada","og_description":"\u00a0 \u00a0 \u00a0 Zozn\u00e1mte sa s La Strada a ich umeleckou cestou. La Strada je slovensk\u00e9 operne duo, tvoria ho barytonista Peter \u010eurovec a tenorista Zolt\u00e1n Mik\u00f3. Pop opern\u00e9 duo zalo\u017eil Peter \u010eurovec, milovn\u00edk talianskej kult\u00fary, zakladate\u013e zoskupenia tria La Gioia, ktor\u00e9 po dvan\u00e1stich rokoch opustil. Na cestu sa vydal a sily spojil s b\u00fdval\u00fdm &hellip; Pokra\u010dova\u0165 v \u010d\u00edtan\u00ed \"O n\u00e1s\"","og_url":"https:\/\/www.lastrada.sk\/index.php\/pop-operne-duo-la-strada\/","og_site_name":"La Strada","article_modified_time":"2025-12-08T12:59:45+00:00","og_image":[{"width":2560,"height":1140,"url":"https:\/\/www.lastrada.sk\/wp-content\/uploads\/2021\/08\/IMG_1065-pruh-scaled.jpg","type":"image\/jpeg"}],"twitter_card":"summary_large_image","twitter_misc":{"Predpokladan\u00fd \u010das \u010d\u00edtania":"5 min\u00fat"},"schema":{"@context":"https:\/\/schema.org","@graph":[{"@type":"WebPage","@id":"https:\/\/www.lastrada.sk\/index.php\/pop-operne-duo-la-strada\/","url":"https:\/\/www.lastrada.sk\/index.php\/pop-operne-duo-la-strada\/","name":"O n\u00e1s - La Strada","isPartOf":{"@id":"https:\/\/www.lastrada.sk\/#website"},"primaryImageOfPage":{"@id":"https:\/\/www.lastrada.sk\/index.php\/pop-operne-duo-la-strada\/#primaryimage"},"image":{"@id":"https:\/\/www.lastrada.sk\/index.php\/pop-operne-duo-la-strada\/#primaryimage"},"thumbnailUrl":"https:\/\/www.lastrada.sk\/wp-content\/uploads\/2021\/08\/IMG_1065-pruh-scaled.jpg","datePublished":"2021-08-22T19:26:58+00:00","dateModified":"2025-12-08T12:59:45+00:00","breadcrumb":{"@id":"https:\/\/www.lastrada.sk\/index.php\/pop-operne-duo-la-strada\/#breadcrumb"},"inLanguage":"sk-SK","potentialAction":[{"@type":"ReadAction","target":["https:\/\/www.lastrada.sk\/index.php\/pop-operne-duo-la-strada\/"]}]},{"@type":"ImageObject","inLanguage":"sk-SK","@id":"https:\/\/www.lastrada.sk\/index.php\/pop-operne-duo-la-strada\/#primaryimage","url":"https:\/\/www.lastrada.sk\/wp-content\/uploads\/2021\/08\/IMG_1065-pruh-scaled.jpg","contentUrl":"https:\/\/www.lastrada.sk\/wp-content\/uploads\/2021\/08\/IMG_1065-pruh-scaled.jpg","width":2560,"height":1140},{"@type":"BreadcrumbList","@id":"https:\/\/www.lastrada.sk\/index.php\/pop-operne-duo-la-strada\/#breadcrumb","itemListElement":[{"@type":"ListItem","position":1,"name":"Home","item":"https:\/\/www.lastrada.sk\/"},{"@type":"ListItem","position":2,"name":"O n\u00e1s"}]},{"@type":"WebSite","@id":"https:\/\/www.lastrada.sk\/#website","url":"https:\/\/www.lastrada.sk\/","name":"La Strada","description":"SLOVENSK\u00c9 POP OPERN\u00c9 DUO","potentialAction":[{"@type":"SearchAction","target":{"@type":"EntryPoint","urlTemplate":"https:\/\/www.lastrada.sk\/?s={search_term_string}"},"query-input":{"@type":"PropertyValueSpecification","valueRequired":true,"valueName":"search_term_string"}}],"inLanguage":"sk-SK"}]}},"_links":{"self":[{"href":"https:\/\/www.lastrada.sk\/index.php\/wp-json\/wp\/v2\/pages\/73","targetHints":{"allow":["GET"]}}],"collection":[{"href":"https:\/\/www.lastrada.sk\/index.php\/wp-json\/wp\/v2\/pages"}],"about":[{"href":"https:\/\/www.lastrada.sk\/index.php\/wp-json\/wp\/v2\/types\/page"}],"author":[{"embeddable":true,"href":"https:\/\/www.lastrada.sk\/index.php\/wp-json\/wp\/v2\/users\/2"}],"replies":[{"embeddable":true,"href":"https:\/\/www.lastrada.sk\/index.php\/wp-json\/wp\/v2\/comments?post=73"}],"version-history":[{"count":1,"href":"https:\/\/www.lastrada.sk\/index.php\/wp-json\/wp\/v2\/pages\/73\/revisions"}],"predecessor-version":[{"id":1580,"href":"https:\/\/www.lastrada.sk\/index.php\/wp-json\/wp\/v2\/pages\/73\/revisions\/1580"}],"wp:featuredmedia":[{"embeddable":true,"href":"https:\/\/www.lastrada.sk\/index.php\/wp-json\/wp\/v2\/media\/32"}],"wp:attachment":[{"href":"https:\/\/www.lastrada.sk\/index.php\/wp-json\/wp\/v2\/media?parent=73"}],"curies":[{"name":"wp","href":"https:\/\/api.w.org\/{rel}","templated":true}]}}